{"id":417,"date":"2022-04-20T06:57:40","date_gmt":"2022-04-20T06:57:40","guid":{"rendered":"http:\/\/cs6nvasrbe.preview.infomaniak.website\/?page_id=417"},"modified":"2022-09-27T14:37:57","modified_gmt":"2022-09-27T14:37:57","slug":"professionnels-chercheurs","status":"publish","type":"page","link":"https:\/\/mhcdf.ch\/de\/professionnels-chercheurs\/","title":{"rendered":"professionnels, chercheurs"},"content":{"rendered":"\t\t<div data-elementor-type=\"wp-page\" data-elementor-id=\"417\" class=\"elementor elementor-417\" data-elementor-post-type=\"page\">\n\t\t\t\t\t\t<section class=\"elementor-section elementor-top-section elementor-element elementor-element-efc51f3 elementor-section-full_width header-home header-page-externe elementor-section-height-default elementor-section-height-default\" data-id=\"efc51f3\" data-element_type=\"section\">\n\t\t\t\t\t\t<div class=\"elementor-container elementor-column-gap-default\">\n\t\t\t\t\t<div class=\"elementor-column elementor-col-100 elementor-top-column elementor-element elementor-element-df45a02 header-marge\" data-id=\"df45a02\" data-element_type=\"column\" data-settings=\"{&quot;background_background&quot;:&quot;classic&quot;}\">\n\t\t\t<div class=\"elementor-widget-wrap elementor-element-populated\">\n\t\t\t\t\t\t<div class=\"elementor-element elementor-element-9908153 titre-haut-page elementor-widget elementor-widget-text-editor\" data-id=\"9908153\" data-element_type=\"widget\" data-widget_type=\"text-editor.default\">\n\t\t\t\t<div class=\"elementor-widget-container\">\n\t\t\t\t\t\t\t\t\t<h1>Professionnels et m\u00e9dias<\/h1>\t\t\t\t\t\t\t\t<\/div>\n\t\t\t\t<\/div>\n\t\t\t\t\t<\/div>\n\t\t<\/div>\n\t\t\t\t\t<\/div>\n\t\t<\/section>\n\t\t\t\t<section class=\"elementor-section elementor-top-section elementor-element elementor-element-55e244e elementor-section-full_width separation-1unite menu-secondaire-fixed elementor-section-height-default elementor-section-height-default\" data-id=\"55e244e\" data-element_type=\"section\" data-settings=\"{&quot;background_background&quot;:&quot;classic&quot;}\">\n\t\t\t\t\t\t<div class=\"elementor-container elementor-column-gap-no\">\n\t\t\t\t\t<div class=\"elementor-column elementor-col-100 elementor-top-column elementor-element elementor-element-fd66dfd\" data-id=\"fd66dfd\" data-element_type=\"column\">\n\t\t\t<div class=\"elementor-widget-wrap elementor-element-populated\">\n\t\t\t\t\t\t<div class=\"elementor-element elementor-element-832975b page-content-titre-menu elementor-widget elementor-widget-shortcode\" data-id=\"832975b\" data-element_type=\"widget\" data-widget_type=\"shortcode.default\">\n\t\t\t\t<div class=\"elementor-widget-container\">\n\t\t\t\t\t\t\t<div class=\"elementor-shortcode\"><\/div>\n\t\t\t\t\t\t<\/div>\n\t\t\t\t<\/div>\n\t\t\t\t<div class=\"elementor-element elementor-element-6720591 elementor-nav-menu__align-center elementor-nav-menu--dropdown-mobile menu-secondaire elementor-nav-menu__text-align-aside elementor-nav-menu--toggle elementor-nav-menu--burger elementor-widget elementor-widget-global elementor-global-1438 elementor-widget-nav-menu\" data-id=\"6720591\" data-element_type=\"widget\" data-settings=\"{&quot;layout&quot;:&quot;horizontal&quot;,&quot;submenu_icon&quot;:{&quot;value&quot;:&quot;fas fa-caret-down&quot;,&quot;library&quot;:&quot;fa-solid&quot;},&quot;toggle&quot;:&quot;burger&quot;}\" data-widget_type=\"nav-menu.default\">\n\t\t\t\t<div class=\"elementor-widget-container\">\n\t\t\t\t\t\t\t\t<nav aria-label=\"Men\u00fc\" class=\"elementor-nav-menu--main elementor-nav-menu__container elementor-nav-menu--layout-horizontal e--pointer-none\">\n\t\t\t\t<ul id=\"menu-1-6720591\" class=\"elementor-nav-menu\"><li class=\"menu-item menu-item-type-post_type menu-item-object-page menu-item-1460\"><a href=\"https:\/\/mhcdf.ch\/de\/professionnels-chercheurs\/\" class=\"elementor-item\">professionnels, chercheurs<\/a><\/li>\n<li class=\"menu-item menu-item-type-post_type menu-item-object-page menu-item-1458\"><a href=\"https:\/\/mhcdf.ch\/de\/stages-service-civile\/\" class=\"elementor-item\">stages, service civile<\/a><\/li>\n<li class=\"menu-item menu-item-type-post_type menu-item-object-page menu-item-1459\"><a href=\"https:\/\/mhcdf.ch\/de\/medias\/\" class=\"elementor-item\">m\u00e9dias<\/a><\/li>\n<li class=\"menu-item menu-item-type-post_type menu-item-object-page menu-item-7237\"><a href=\"https:\/\/mhcdf.ch\/de\/telechargements\/\" class=\"elementor-item\">t\u00e9l\u00e9chargements<\/a><\/li>\n<\/ul>\t\t\t<\/nav>\n\t\t\t\t\t<div class=\"elementor-menu-toggle\" role=\"button\" tabindex=\"0\" aria-label=\"Men\u00fc Umschalter\" aria-expanded=\"false\">\n\t\t\t<i aria-hidden=\"true\" role=\"presentation\" class=\"elementor-menu-toggle__icon--open eicon-menu-bar\"><\/i><i aria-hidden=\"true\" role=\"presentation\" class=\"elementor-menu-toggle__icon--close eicon-close\"><\/i>\t\t<\/div>\n\t\t\t\t\t<nav class=\"elementor-nav-menu--dropdown elementor-nav-menu__container\" aria-hidden=\"true\">\n\t\t\t\t<ul id=\"menu-2-6720591\" class=\"elementor-nav-menu\"><li class=\"menu-item menu-item-type-post_type menu-item-object-page menu-item-1460\"><a href=\"https:\/\/mhcdf.ch\/de\/professionnels-chercheurs\/\" class=\"elementor-item\" tabindex=\"-1\">professionnels, chercheurs<\/a><\/li>\n<li class=\"menu-item menu-item-type-post_type menu-item-object-page menu-item-1458\"><a href=\"https:\/\/mhcdf.ch\/de\/stages-service-civile\/\" class=\"elementor-item\" tabindex=\"-1\">stages, service civile<\/a><\/li>\n<li class=\"menu-item menu-item-type-post_type menu-item-object-page menu-item-1459\"><a href=\"https:\/\/mhcdf.ch\/de\/medias\/\" class=\"elementor-item\" tabindex=\"-1\">m\u00e9dias<\/a><\/li>\n<li class=\"menu-item menu-item-type-post_type menu-item-object-page menu-item-7237\"><a href=\"https:\/\/mhcdf.ch\/de\/telechargements\/\" class=\"elementor-item\" tabindex=\"-1\">t\u00e9l\u00e9chargements<\/a><\/li>\n<\/ul>\t\t\t<\/nav>\n\t\t\t\t\t\t<\/div>\n\t\t\t\t<\/div>\n\t\t\t\t\t<\/div>\n\t\t<\/div>\n\t\t\t\t\t<\/div>\n\t\t<\/section>\n\t\t\t\t<section class=\"elementor-section elementor-top-section elementor-element elementor-element-1cc00ec elementor-section-full_width margin-general margin-top-secondaire margin-bottom-secondaire elementor-section-height-default elementor-section-height-default\" data-id=\"1cc00ec\" data-element_type=\"section\">\n\t\t\t\t\t\t<div class=\"elementor-container elementor-column-gap-no\">\n\t\t\t\t\t<div class=\"elementor-column elementor-col-50 elementor-top-column elementor-element elementor-element-ef38d27 post-grid-content post-grid-content-padding\" data-id=\"ef38d27\" data-element_type=\"column\" data-settings=\"{&quot;background_background&quot;:&quot;classic&quot;}\">\n\t\t\t<div class=\"elementor-widget-wrap elementor-element-populated\">\n\t\t\t\t\t\t<section class=\"elementor-section elementor-inner-section elementor-element elementor-element-30c9fea elementor-section-boxed elementor-section-height-default elementor-section-height-default\" data-id=\"30c9fea\" data-element_type=\"section\">\n\t\t\t\t\t\t<div class=\"elementor-container elementor-column-gap-default\">\n\t\t\t\t\t<div class=\"elementor-column elementor-col-100 elementor-inner-column elementor-element elementor-element-ff3bab0 page-content-titre\" data-id=\"ff3bab0\" data-element_type=\"column\">\n\t\t\t<div class=\"elementor-widget-wrap elementor-element-populated\">\n\t\t\t\t\t\t<div class=\"elementor-element elementor-element-7b0672c elementor-widget elementor-widget-heading\" data-id=\"7b0672c\" data-element_type=\"widget\" data-widget_type=\"heading.default\">\n\t\t\t\t<div class=\"elementor-widget-container\">\n\t\t\t\t\t<h1 class=\"elementor-heading-title elementor-size-default\">Professionnels, chercheurs<\/h1>\t\t\t\t<\/div>\n\t\t\t\t<\/div>\n\t\t\t\t\t<\/div>\n\t\t<\/div>\n\t\t\t\t\t<\/div>\n\t\t<\/section>\n\t\t\t\t<div class=\"elementor-element elementor-element-15760c1 elementor-widget elementor-widget-text-editor\" data-id=\"15760c1\" data-element_type=\"widget\" data-widget_type=\"text-editor.default\">\n\t\t\t\t<div class=\"elementor-widget-container\">\n\t\t\t\t\t\t\t\t\t<h2>Biblioth\u00e8que<\/h2><p>La biblioth\u00e8que du Mus\u00e9e d\u2019histoire contient \u00e0 la fois des ouvrages d\u2019histoire r\u00e9gionale, anciens et modernes, ainsi que des ouvrages scientifiques en relation avec nos collections.<\/p><p>La biblioth\u00e8que, qui est actuellement en d\u00e9p\u00f4t, rejoindra dans quelques mois la biblioth\u00e8que commune des mus\u00e9es o\u00f9 ses fonds seront conserv\u00e9s avec ceux du Mus\u00e9e international d\u2019horlogerie et du Mus\u00e9e Paysan et artisanal. Dans l\u2019intervalle, le mus\u00e9e statue de cas en cas sur les demandes de consultation en fonction des disponibilit\u00e9s.<\/p><h2>Demande d\u2019images<\/h2><p>Nous traitons les demandes d\u2019images selon deux crit\u00e8res&nbsp;: existence ou non de photographies des objets et importance du travail demand\u00e9 \u00e0 notre \u00e9quipe.<\/p><p>Si l\u2019image a d\u00e9j\u00e0 \u00e9t\u00e9 num\u00e9ris\u00e9e et qu\u2019elle peut \u00eatre envoy\u00e9e par courrier \u00e9lectronique, il n\u2019y aura que les droits de reproduction \u00e0 payer. Si une photographie doit \u00eatre faite, il faut compter CHF 25.- de frais de prise en charge et CHF 50.- par photographie (selon la taille de l\u2019objet). Si un enregistrement sur CD doit \u00eatre fait, il faut ajouter CHF 10.- par support.<\/p><h2>Droits de reproduction<\/h2><p>En plus des frais de r\u00e9alisation des images et\/ou de la fourniture de l\u2019image, le Mus\u00e9e d\u2019histoire demande un droit de reproduction de CHF 200.- par image pour un usage standard et de CHF 300.- pour un usage commercial.<br>L\u2019indication de la provenance de l\u2019image \u201c&nbsp;Mus\u00e9e d\u2019histoire La Chaux-de-Fonds Suisse&nbsp;\u201c figurera soit dans la l\u00e9gende ou le cr\u00e9dit photographique. Un exemplaire justificatif sera remis \u00e0 la biblioth\u00e8que du&nbsp;mus\u00e9e.<\/p><h2>Pr\u00eat d\u2019objets<\/h2><p>Les demandes de pr\u00eats sont trait\u00e9es au cas par cas en fonction des demandes et de la disponibilit\u00e9 des collaborateurs concern\u00e9s.<br>L\u2019\u00e9tat des \u0153uvres et objets a \u00e9galement une grande importance dans l\u2019entr\u00e9e en mati\u00e8re ou non d\u2019un&nbsp;pr\u00eat.<\/p><p>Toute demande doit \u00eatre envoy\u00e9e \u00e0 la direction du mus\u00e9e qui statuera.<\/p>\t\t\t\t\t\t\t\t<\/div>\n\t\t\t\t<\/div>\n\t\t\t\t\t<\/div>\n\t\t<\/div>\n\t\t\t\t<div class=\"elementor-column elementor-col-50 elementor-top-column elementor-element elementor-element-25c7fe3 post-grid-content\" data-id=\"25c7fe3\" data-element_type=\"column\" data-settings=\"{&quot;background_background&quot;:&quot;classic&quot;}\">\n\t\t\t<div class=\"elementor-widget-wrap elementor-element-populated\">\n\t\t\t\t\t\t<div class=\"elementor-element elementor-element-33bbb8e elementor-widget elementor-widget-image\" data-id=\"33bbb8e\" data-element_type=\"widget\" data-widget_type=\"image.default\">\n\t\t\t\t<div class=\"elementor-widget-container\">\n\t\t\t\t\t\t\t\t\t\t\t\t\t\t\t<img fetchpriority=\"high\" decoding=\"async\" width=\"1200\" height=\"2000\" src=\"https:\/\/mhcdf.ch\/wp-content\/uploads\/2022\/09\/PROFESSIONES-MEDIAS.png\" class=\"attachment-full size-full wp-image-5266\" alt=\"\u00a9Mus\u00e9e d'histoire\" srcset=\"https:\/\/mhcdf.ch\/wp-content\/uploads\/2022\/09\/PROFESSIONES-MEDIAS.png 1200w, https:\/\/mhcdf.ch\/wp-content\/uploads\/2022\/09\/PROFESSIONES-MEDIAS-180x300.png 180w, https:\/\/mhcdf.ch\/wp-content\/uploads\/2022\/09\/PROFESSIONES-MEDIAS-614x1024.png 614w, https:\/\/mhcdf.ch\/wp-content\/uploads\/2022\/09\/PROFESSIONES-MEDIAS-768x1280.png 768w, https:\/\/mhcdf.ch\/wp-content\/uploads\/2022\/09\/PROFESSIONES-MEDIAS-922x1536.png 922w\" sizes=\"(max-width: 1200px) 100vw, 1200px\">\t\t\t\t\t\t\t\t\t\t\t\t\t\t\t<\/div>\n\t\t\t\t<\/div>\n\t\t\t\t\t<\/div>\n\t\t<\/div>\n\t\t\t\t\t<\/div>\n\t\t<\/section>\n\t\t\t\t<\/div>\n\t\t","protected":false},"excerpt":{"rendered":"<p>Professionnels et m\u00e9dias Professionnels, chercheurs Biblioth\u00e8que La biblioth\u00e8que du Mus\u00e9e d\u2019histoire contient \u00e0 la fois des ouvrages d\u2019histoire r\u00e9gionale, anciens et modernes, ainsi que des ouvrages scientifiques en relation avec nos collections. La biblioth\u00e8que, qui est actuellement en d\u00e9p\u00f4t, rejoindra dans quelques mois la biblioth\u00e8que commune des mus\u00e9es o\u00f9 ses fonds seront conserv\u00e9s avec&nbsp;ceux&nbsp;[\u2026]<\/p>\n","protected":false},"author":1,"featured_media":0,"parent":0,"menu_order":0,"comment_status":"closed","ping_status":"closed","template":"elementor_header_footer","meta":{"_acf_changed":false,"wp_typography_post_enhancements_disabled":false,"footnotes":""},"class_list":["post-417","page","type-page","status-publish","hentry"],"acf":[],"publishpress_future_workflow_manual_trigger":{"enabledWorkflows":[]},"_links":{"self":[{"href":"https:\/\/mhcdf.ch\/de\/wp-json\/wp\/v2\/pages\/417","targetHints":{"allow":["GET"]}}],"collection":[{"href":"https:\/\/mhcdf.ch\/de\/wp-json\/wp\/v2\/pages"}],"about":[{"href":"https:\/\/mhcdf.ch\/de\/wp-json\/wp\/v2\/types\/page"}],"author":[{"embeddable":true,"href":"https:\/\/mhcdf.ch\/de\/wp-json\/wp\/v2\/users\/1"}],"replies":[{"embeddable":true,"href":"https:\/\/mhcdf.ch\/de\/wp-json\/wp\/v2\/comments?post=417"}],"version-history":[{"count":52,"href":"https:\/\/mhcdf.ch\/de\/wp-json\/wp\/v2\/pages\/417\/revisions"}],"predecessor-version":[{"id":5633,"href":"https:\/\/mhcdf.ch\/de\/wp-json\/wp\/v2\/pages\/417\/revisions\/5633"}],"wp:attachment":[{"href":"https:\/\/mhcdf.ch\/de\/wp-json\/wp\/v2\/media?parent=417"}],"curies":[{"name":"wp","href":"https:\/\/api.w.org\/{rel}","templated":true}]}}

<div data-elementor-type="wp-page" data-elementor-id="417" class="elementor elementor-417" data-elementor-post-type="page">
						<section class="elementor-section elementor-top-section elementor-element elementor-element-efc51f3 elementor-section-full_width header-home header-page-externe elementor-section-height-default elementor-section-height-default" data-id="efc51f3" data-element_type="section">
						<div class="elementor-container elementor-column-gap-default">
					<div class="elementor-column elementor-col-100 elementor-top-column elementor-element elementor-element-df45a02 header-marge" data-id="df45a02" data-element_type="column" data-settings="{&quot;background_background&quot;:&quot;classic&quot;}">
			<div class="elementor-widget-wrap elementor-element-populated">
						<div class="elementor-element elementor-element-9908153 titre-haut-page elementor-widget elementor-widget-text-editor" data-id="9908153" data-element_type="widget" data-widget_type="text-editor.default">
				<div class="elementor-widget-container">
									<h1>Professionnels et médias</h1>								</div>
				</div>
					</div>
		</div>
					</div>
		</section>
				<section class="elementor-section elementor-top-section elementor-element elementor-element-55e244e elementor-section-full_width separation-1unite menu-secondaire-fixed elementor-section-height-default elementor-section-height-default" data-id="55e244e" data-element_type="section" data-settings="{&quot;background_background&quot;:&quot;classic&quot;}">
						<div class="elementor-container elementor-column-gap-no">
					<div class="elementor-column elementor-col-100 elementor-top-column elementor-element elementor-element-fd66dfd" data-id="fd66dfd" data-element_type="column">
			<div class="elementor-widget-wrap elementor-element-populated">
						<div class="elementor-element elementor-element-832975b page-content-titre-menu elementor-widget elementor-widget-shortcode" data-id="832975b" data-element_type="widget" data-widget_type="shortcode.default">
				<div class="elementor-widget-container">
							<div class="elementor-shortcode"></div>
						</div>
				</div>
				<div class="elementor-element elementor-element-6720591 elementor-nav-menu__align-center elementor-nav-menu--dropdown-mobile menu-secondaire elementor-nav-menu__text-align-aside elementor-nav-menu--toggle elementor-nav-menu--burger elementor-widget elementor-widget-global elementor-global-1438 elementor-widget-nav-menu" data-id="6720591" data-element_type="widget" data-settings="{&quot;layout&quot;:&quot;horizontal&quot;,&quot;submenu_icon&quot;:{&quot;value&quot;:&quot;fas fa-caret-down&quot;,&quot;library&quot;:&quot;fa-solid&quot;},&quot;toggle&quot;:&quot;burger&quot;}" data-widget_type="nav-menu.default">
				<div class="elementor-widget-container">
								<nav aria-label="Menü" class="elementor-nav-menu--main elementor-nav-menu__container elementor-nav-menu--layout-horizontal e--pointer-none">
				<ul id="menu-1-6720591" class="elementor-nav-menu"><li class="menu-item menu-item-type-post_type menu-item-object-page menu-item-1460"><a href="https://mhcdf.ch/de/professionnels-chercheurs/" class="elementor-item">professionnels, chercheurs</a></li>
<li class="menu-item menu-item-type-post_type menu-item-object-page menu-item-1458"><a href="https://mhcdf.ch/de/stages-service-civile/" class="elementor-item">stages, service civile</a></li>
<li class="menu-item menu-item-type-post_type menu-item-object-page menu-item-1459"><a href="https://mhcdf.ch/de/medias/" class="elementor-item">médias</a></li>
<li class="menu-item menu-item-type-post_type menu-item-object-page menu-item-7237"><a href="https://mhcdf.ch/de/telechargements/" class="elementor-item">téléchargements</a></li>
</ul>			</nav>
					<div class="elementor-menu-toggle" role="button" tabindex="0" aria-label="Menü Umschalter" aria-expanded="false">
			<i aria-hidden="true" role="presentation" class="elementor-menu-toggle__icon--open eicon-menu-bar"></i><i aria-hidden="true" role="presentation" class="elementor-menu-toggle__icon--close eicon-close"></i>		</div>
					<nav class="elementor-nav-menu--dropdown elementor-nav-menu__container" aria-hidden="true">
				<ul id="menu-2-6720591" class="elementor-nav-menu"><li class="menu-item menu-item-type-post_type menu-item-object-page menu-item-1460"><a href="https://mhcdf.ch/de/professionnels-chercheurs/" class="elementor-item" tabindex="-1">professionnels, chercheurs</a></li>
<li class="menu-item menu-item-type-post_type menu-item-object-page menu-item-1458"><a href="https://mhcdf.ch/de/stages-service-civile/" class="elementor-item" tabindex="-1">stages, service civile</a></li>
<li class="menu-item menu-item-type-post_type menu-item-object-page menu-item-1459"><a href="https://mhcdf.ch/de/medias/" class="elementor-item" tabindex="-1">médias</a></li>
<li class="menu-item menu-item-type-post_type menu-item-object-page menu-item-7237"><a href="https://mhcdf.ch/de/telechargements/" class="elementor-item" tabindex="-1">téléchargements</a></li>
</ul>			</nav>
						</div>
				</div>
					</div>
		</div>
					</div>
		</section>
				<section class="elementor-section elementor-top-section elementor-element elementor-element-1cc00ec elementor-section-full_width margin-general margin-top-secondaire margin-bottom-secondaire elementor-section-height-default elementor-section-height-default" data-id="1cc00ec" data-element_type="section">
						<div class="elementor-container elementor-column-gap-no">
					<div class="elementor-column elementor-col-50 elementor-top-column elementor-element elementor-element-ef38d27 post-grid-content post-grid-content-padding" data-id="ef38d27" data-element_type="column" data-settings="{&quot;background_background&quot;:&quot;classic&quot;}">
			<div class="elementor-widget-wrap elementor-element-populated">
						<section class="elementor-section elementor-inner-section elementor-element elementor-element-30c9fea elementor-section-boxed elementor-section-height-default elementor-section-height-default" data-id="30c9fea" data-element_type="section">
						<div class="elementor-container elementor-column-gap-default">
					<div class="elementor-column elementor-col-100 elementor-inner-column elementor-element elementor-element-ff3bab0 page-content-titre" data-id="ff3bab0" data-element_type="column">
			<div class="elementor-widget-wrap elementor-element-populated">
						<div class="elementor-element elementor-element-7b0672c elementor-widget elementor-widget-heading" data-id="7b0672c" data-element_type="widget" data-widget_type="heading.default">
				<div class="elementor-widget-container">
					<h1 class="elementor-heading-title elementor-size-default">Professionnels, chercheurs</h1>				</div>
				</div>
					</div>
		</div>
					</div>
		</section>
				<div class="elementor-element elementor-element-15760c1 elementor-widget elementor-widget-text-editor" data-id="15760c1" data-element_type="widget" data-widget_type="text-editor.default">
				<div class="elementor-widget-container">
									<h2>Bibliothèque</h2><p>La bibliothèque du Musée d’histoire contient à la fois des ouvrages d’histoire régionale, anciens et modernes, ainsi que des ouvrages scientifiques en relation avec nos collections.</p><p>La bibliothèque, qui est actuellement en dépôt, rejoindra dans quelques mois la bibliothèque commune des musées où ses fonds seront conservés avec ceux du Musée international d’horlogerie et du Musée Paysan et artisanal. Dans l’intervalle, le musée statue de cas en cas sur les demandes de consultation en fonction des disponibilités.</p><h2>Demande d’images</h2><p>Nous traitons les demandes d’images selon deux critères&nbsp;: existence ou non de photographies des objets et importance du travail demandé à notre équipe.</p><p>Si l’image a déjà été numérisée et qu’elle peut être envoyée par courrier électronique, il n’y aura que les droits de reproduction à payer. Si une photographie doit être faite, il faut compter CHF 25.- de frais de prise en charge et CHF 50.- par photographie (selon la taille de l’objet). Si un enregistrement sur CD doit être fait, il faut ajouter CHF 10.- par support.</p><h2>Droits de reproduction</h2><p>En plus des frais de réalisation des images et/ou de la fourniture de l’image, le Musée d’histoire demande un droit de reproduction de CHF 200.- par image pour un usage standard et de CHF 300.- pour un usage commercial.<br>L’indication de la provenance de l’image “&nbsp;Musée d’histoire La Chaux-de-Fonds Suisse&nbsp;“ figurera soit dans la légende ou le crédit photographique. Un exemplaire justificatif sera remis à la bibliothèque du&nbsp;musée.</p><h2>Prêt d’objets</h2><p>Les demandes de prêts sont traitées au cas par cas en fonction des demandes et de la disponibilité des collaborateurs concernés.<br>L’état des œuvres et objets a également une grande importance dans l’entrée en matière ou non d’un&nbsp;prêt.</p><p>Toute demande doit être envoyée à la direction du musée qui statuera.</p>								</div>
				</div>
					</div>
		</div>
				<div class="elementor-column elementor-col-50 elementor-top-column elementor-element elementor-element-25c7fe3 post-grid-content" data-id="25c7fe3" data-element_type="column" data-settings="{&quot;background_background&quot;:&quot;classic&quot;}">
			<div class="elementor-widget-wrap elementor-element-populated">
						<div class="elementor-element elementor-element-33bbb8e elementor-widget elementor-widget-image" data-id="33bbb8e" data-element_type="widget" data-widget_type="image.default">
				<div class="elementor-widget-container">
															<img fetchpriority="high" decoding="async" width="1200" height="2000" src="https://mhcdf.ch/wp-content/uploads/2022/09/PROFESSIONES-MEDIAS.png" class="attachment-full size-full wp-image-5266" alt="©Musée d'histoire" srcset="https://mhcdf.ch/wp-content/uploads/2022/09/PROFESSIONES-MEDIAS.png 1200w, https://mhcdf.ch/wp-content/uploads/2022/09/PROFESSIONES-MEDIAS-180x300.png 180w, https://mhcdf.ch/wp-content/uploads/2022/09/PROFESSIONES-MEDIAS-614x1024.png 614w, https://mhcdf.ch/wp-content/uploads/2022/09/PROFESSIONES-MEDIAS-768x1280.png 768w, https://mhcdf.ch/wp-content/uploads/2022/09/PROFESSIONES-MEDIAS-922x1536.png 922w" sizes="(max-width: 1200px) 100vw, 1200px">															</div>
				</div>
					</div>
		</div>
					</div>
		</section>
				</div>

<p>Professionnels et médias Professionnels, chercheurs Bibliothèque La bibliothèque du Musée d’histoire contient à la fois des ouvrages d’histoire régionale, anciens et modernes, ainsi que des ouvrages scientifiques en relation avec nos collections. La bibliothèque, qui est actuellement en dépôt, rejoindra dans quelques mois la bibliothèque commune des musées où ses fonds seront conservés avec&nbsp;ceux&nbsp;[…]</p>
